{"id":79,"date":"2022-05-13T17:41:36","date_gmt":"2022-05-13T15:41:36","guid":{"rendered":"https:\/\/paroisses-de-fegersheim-eschau-ohnheim-plobsheim.fr\/?page_id=79"},"modified":"2025-05-01T15:03:06","modified_gmt":"2025-05-01T13:03:06","slug":"caritas","status":"publish","type":"page","link":"https:\/\/paroisses-de-fegersheim-eschau-ohnheim-plobsheim.fr\/index.php\/caritas\/","title":{"rendered":"Caritas"},"content":{"rendered":"<div id=\"pl-gb79-69e2ea40e4087\"  class=\"panel-layout wp-block-siteorigin-panels-layout-block\" ><div id=\"pg-gb79-69e2ea40e4087-0\"  class=\"panel-grid panel-no-style\" ><div id=\"pgc-gb79-69e2ea40e4087-0-0\"  class=\"panel-grid-cell\" ><div id=\"panel-gb79-69e2ea40e4087-0-0-0\" class=\"so-panel widget widget_sow-editor panel-first-child panel-last-child\" data-index=\"0\" ><div\n\t\t\t\n\t\t\tclass=\"so-widget-sow-editor so-widget-sow-editor-base\"\n\t\t\t\n\t\t>\n<div class=\"siteorigin-widget-tinymce textwidget\">\n\t<p><a href=\"https:\/\/www.caritas-alsace.org\/\" target=\"_blank\" rel=\"noopener\"><img loading=\"lazy\" decoding=\"async\" class=\"alignleft\" src=\"https:\/\/www.caritas-alsace.org\/images%20caritas\/logo-caritas-alsace-2012-carre.jpg\/image_preview\" alt=\"Lien Caritas Alsace\" width=\"171\" height=\"171\" \/><\/a>CARITAS<\/p>\n<div id=\"obj11002\" class=\"xwd40\">\n<p class=\"xwd12\"><span class=\"xwd42\">Une antenne de Caritas &#8211; Secours Catholique est install\u00e9e depuis plusieurs ann\u00e9es dans notre communaut\u00e9, sa mission est de :<\/span><\/p>\n<p class=\"xwd12\"><span class=\"xwd42\">\u2022 Faire rayonner la charit\u00e9 chr\u00e9tienne par la mise en \u0153uvre d&rsquo;une solidarit\u00e9 concr\u00e8te entre tous .<\/span><\/p>\n<p class=\"xwd12\"><span class=\"xwd42\">\u2022 S&rsquo;engager aux c\u00f4t\u00e9s des hommes, femmes et enfants vivant des situations de pauvret\u00e9.<\/span><\/p>\n<p class=\"xwd12\"><span class=\"xwd41\">Contact :\u00a0 Mme Fran\u00e7oise HUCK au 06 31 32 97 75<\/span><\/p>\n<p>&nbsp;<\/p>\n<\/div>\n<\/div>\n<\/div><\/div><\/div><\/div><\/div>","protected":false},"excerpt":{"rendered":"<p>CARITAS Une antenne de Caritas &#8211; Secours Catholique est install\u00e9e depuis plusieurs ann\u00e9es dans notre communaut\u00e9, sa mission est de : \u2022 Faire rayonner la charit\u00e9 chr\u00e9tienne par la mise en \u0153uvre d&rsquo;une solidarit\u00e9 concr\u00e8te entre tous . \u2022 S&rsquo;engager aux c\u00f4t\u00e9s des hommes, femmes et enfants vivant des situations de pauvret\u00e9. Contact :\u00a0 Mme [&hellip;]<\/p>\n","protected":false},"author":1,"featured_media":0,"parent":0,"menu_order":0,"comment_status":"closed","ping_status":"closed","template":"","meta":{"iawp_total_views":77,"footnotes":""},"class_list":["post-79","page","type-page","status-publish","hentry","post"],"_links":{"self":[{"href":"https:\/\/paroisses-de-fegersheim-eschau-ohnheim-plobsheim.fr\/index.php\/wp-json\/wp\/v2\/pages\/79","targetHints":{"allow":["GET"]}}],"collection":[{"href":"https:\/\/paroisses-de-fegersheim-eschau-ohnheim-plobsheim.fr\/index.php\/wp-json\/wp\/v2\/pages"}],"about":[{"href":"https:\/\/paroisses-de-fegersheim-eschau-ohnheim-plobsheim.fr\/index.php\/wp-json\/wp\/v2\/types\/page"}],"author":[{"embeddable":true,"href":"https:\/\/paroisses-de-fegersheim-eschau-ohnheim-plobsheim.fr\/index.php\/wp-json\/wp\/v2\/users\/1"}],"replies":[{"embeddable":true,"href":"https:\/\/paroisses-de-fegersheim-eschau-ohnheim-plobsheim.fr\/index.php\/wp-json\/wp\/v2\/comments?post=79"}],"version-history":[{"count":8,"href":"https:\/\/paroisses-de-fegersheim-eschau-ohnheim-plobsheim.fr\/index.php\/wp-json\/wp\/v2\/pages\/79\/revisions"}],"predecessor-version":[{"id":3363,"href":"https:\/\/paroisses-de-fegersheim-eschau-ohnheim-plobsheim.fr\/index.php\/wp-json\/wp\/v2\/pages\/79\/revisions\/3363"}],"wp:attachment":[{"href":"https:\/\/paroisses-de-fegersheim-eschau-ohnheim-plobsheim.fr\/index.php\/wp-json\/wp\/v2\/media?parent=79"}],"curies":[{"name":"wp","href":"https:\/\/api.w.org\/{rel}","templated":true}]}}