{"id":51,"date":"2022-05-12T17:32:28","date_gmt":"2022-05-12T15:32:28","guid":{"rendered":"https:\/\/paroisses-de-fegersheim-eschau-ohnheim-plobsheim.fr\/?page_id=51"},"modified":"2026-04-14T15:09:16","modified_gmt":"2026-04-14T13:09:16","slug":"accueil-2","status":"publish","type":"page","link":"https:\/\/paroisses-de-fegersheim-eschau-ohnheim-plobsheim.fr\/","title":{"rendered":"Accueil"},"content":{"rendered":"\n<div class=\"wp-block-group\"><div class=\"wp-block-group__inner-container is-layout-flow wp-block-group-is-layout-flow\"><\/div><\/div>\n\n\n<div id=\"pl-gb51-69dfb8cc910bd\"  class=\"panel-layout wp-block-siteorigin-panels-layout-block\" ><div id=\"pg-gb51-69dfb8cc910bd-0\"  class=\"panel-grid panel-no-style\" ><div id=\"pgc-gb51-69dfb8cc910bd-0-0\"  class=\"panel-grid-cell\" ><div id=\"panel-gb51-69dfb8cc910bd-0-0-0\" class=\"so-panel widget widget_sow-editor panel-first-child\" data-index=\"0\" ><div class=\"panel-widget-style panel-widget-style-for-gb51-69dfb8cc910bd-0-0-0\" ><div\n\t\t\t\n\t\t\tclass=\"so-widget-sow-editor so-widget-sow-editor-base\"\n\t\t\t\n\t\t><h3 class=\"widget-title\">Soir\u00e9es autour de la foi &#8211; Soir\u00e9es bibliques<\/h3>\n<div class=\"siteorigin-widget-tinymce textwidget\">\n\t<h4><strong>Soir\u00e9es autour de la foi<\/strong><b> :<\/b> <em>chaque 2\u00e8me vendredi du mois \u00e0 20h au petit foyer de Fegersheim.<\/em><\/h4>\n<h4>&#8211; 09 janvier 2026<br \/>\n&#8211; 13 f\u00e9vrier 2026<br \/>\n&#8211; 13 mars 2026<br \/>\n&#8211; 10 avril 2026<br \/>\n&#8211; 15 mai 2026<\/h4>\n<h4><strong>Soir\u00e9es bibliques<\/strong><b> :<\/b> <em>chaque 4\u00e8me vendredi du mois \u00e0 20h au petit foyer de Fegersheim.<\/em><br \/>\nCette ann\u00e9e nous parcourrons l&rsquo;\u00e9vangile de St Jean.<\/h4>\n<h4>&#8211; 23 janvier 2026<br \/>\n&#8211; 27 f\u00e9vrier 2026<br \/>\n&#8211; 27 mars 2026<br \/>\n&#8211; 24 avril 2026<\/h4>\n<h4>Lien <a href=\"https:\/\/www.perejeanse.net\/catechese.htm\" target=\"_blank\" rel=\"noopener\">vers les soir\u00e9es pr\u00e9c\u00e9dentes autour de la foi et bibliques<\/a><\/h4>\n<h3>Renseignements aupr\u00e8s de P. Jean-S\u00e9bastien 06-33-56-45-22<\/h3>\n<\/div>\n<\/div><\/div><\/div><div id=\"panel-gb51-69dfb8cc910bd-0-0-1\" class=\"so-panel widget widget_sow-editor\" data-index=\"1\" ><div class=\"panel-widget-style panel-widget-style-for-gb51-69dfb8cc910bd-0-0-1\" ><div\n\t\t\t\n\t\t\tclass=\"so-widget-sow-editor so-widget-sow-editor-base\"\n\t\t\t\n\t\t><h3 class=\"widget-title\">Pastorale des Jeunes  &#8211; Paroisses : \u00a0Fegersheim &#8211; Eschau &#8211; Ohnheim \u2013 Plobsheim<\/h3>\n<div class=\"siteorigin-widget-tinymce textwidget\">\n\t<h2 style=\"text-align: left;\"><strong>Patronage Notre Dame de l&rsquo;Alliance \u00e0 partir d&rsquo;octobre 2025 pour les jeunes du CM2 \u00e0 la 5\u00e8me.\u00a0<\/strong><\/h2>\n<h2 style=\"text-align: left;\"><strong>La Compagnie des Originaux pour les jeunes de 13 \u00e0 20 ans.<\/strong><\/h2>\n<h2 style=\"text-align: left;\"><strong>La Compagnie des Types louches pour les \u00e9tudiants et les jeunes actifs (confirm\u00e9s dans la foi).<\/strong><\/h2>\n<h2 style=\"text-align: left;\"><a href=\"https:\/\/paroisses-de-fegersheim-eschau-ohnheim-plobsheim.fr\/index.php\/pastorale-des-jeunes\/\">+ d&rsquo;infos<\/a><\/h2>\n<\/div>\n<\/div><\/div><\/div><div id=\"panel-gb51-69dfb8cc910bd-0-0-2\" class=\"so-panel widget widget_sow-editor\" data-index=\"2\" ><div class=\"panel-widget-style panel-widget-style-for-gb51-69dfb8cc910bd-0-0-2\" ><div\n\t\t\t\n\t\t\tclass=\"so-widget-sow-editor so-widget-sow-editor-base\"\n\t\t\t\n\t\t><h3 class=\"widget-title\">Temps des enfants invite les 3 &#8211; 7ans PS &#8211; CE1 inclus  &#8211; Paroisses : \u00a0Fegersheim &#8211; Eschau &#8211; Ohnheim \u2013 Plobsheim<\/h3>\n<div class=\"siteorigin-widget-tinymce textwidget\">\n\t<a href=\"https:\/\/paroisses-de-fegersheim-eschau-ohnheim-plobsheim.fr\/wp-content\/uploads\/2025\/06\/Invitation-Temps-des-enfants-2025-2026.pdf\" class=\"pdfemb-viewer\" style=\"\" data-width=\"max\" data-height=\"max\" data-mobile-width=\"500\"  data-scrollbar=\"vertical\" data-download=\"on\" data-tracking=\"on\" data-newwindow=\"on\" data-pagetextbox=\"off\" data-scrolltotop=\"off\" data-startzoom=\"100\" data-startfpzoom=\"100\" data-toolbar=\"both\" data-toolbar-fixed=\"on\">Invitation Temps des enfants 2025-2026<br\/><\/a>\n<\/div>\n<\/div><\/div><\/div><div id=\"panel-gb51-69dfb8cc910bd-0-0-3\" class=\"so-panel widget widget_sow-editor\" data-index=\"3\" ><div class=\"panel-widget-style panel-widget-style-for-gb51-69dfb8cc910bd-0-0-3\" ><div\n\t\t\t\n\t\t\tclass=\"so-widget-sow-editor so-widget-sow-editor-base\"\n\t\t\t\n\t\t><h3 class=\"widget-title\">LES SACREMENTS INSCRIPTIONS <\/h3>\n<div class=\"siteorigin-widget-tinymce textwidget\">\n\t<p><strong><b>INSCRIPTIONS 1<\/b><\/strong><strong><sup><b>\u00e8re<\/b><\/sup><\/strong><strong><b>\u00a0COMMUNION<\/b><\/strong>\u00a0:<br \/>\nVotre enfant est n\u00e9 en 2017 ou avant, c\u2019est le moment de l\u2019inscrire.<br \/>\nPour tout renseignement, t\u00e9l\u00e9phoner soit \u00e0 Fran\u00e7oise 06 31 32 97 75 ou bien \u00e0 Lulu 06 36 64 39 49<br \/>\n<a href=\"https:\/\/paroisses-de-fegersheim-eschau-ohnheim-plobsheim.fr\/wp-content\/uploads\/2025\/07\/Insription-1ere-Communion.pdf\"><strong>Formulaire d\u2019inscription 2025 \u2013 2027 au parcours de la 1\u00e8re Communion<\/strong><\/a><\/p>\n<p><strong><b>INSCRIPTIONS PROFESSION DE FOI \u2013 CONFIRMATION<\/b><\/strong>\u00a0:<br \/>\nVotre enfant est n\u00e9 en 2012 ou avant, c\u2019est le moment de l\u2019inscrire.<br \/>\nPour tout renseignement : L. BENAVOLI 06 63 42 32 72 &#8211; lbenavoli@free.fr<br \/>\n<strong><a href=\"https:\/\/paroisses-de-fegersheim-eschau-ohnheim-plobsheim.fr\/wp-content\/uploads\/2025\/06\/Feuille-Inscription-parcours-PF-CONF-2025-2027.pdf\" target=\"_blank\" rel=\"noopener\">Formulaire d\u2019inscription 2025 \u2013 2027 au parcours Profession de Foi \/ Confirmation\u00a0<\/a><\/strong><\/p>\n<p><strong>PREMIER PARDON<\/strong><br \/>\n<a href=\"https:\/\/paroisses-de-fegersheim-eschau-ohnheim-plobsheim.fr\/wp-content\/uploads\/2025\/09\/Planning-Premier-Pardon-2025-2026.pdf\" target=\"_blank\" rel=\"noopener\">Planning 1er PARDON 2025 &#8211; 2026<\/a><\/p>\n<p><strong>PREMI\u00c8RE COMMUNION<\/strong><br \/>\n<a href=\"https:\/\/paroisses-de-fegersheim-eschau-ohnheim-plobsheim.fr\/wp-content\/uploads\/2025\/09\/Planning-Premiere-Communion-2025-2026.pdf\" target=\"_blank\" rel=\"noopener\">Planning 1\u00e8re COMMUNION 2025 &#8211; 2026<\/a><\/p>\n<\/div>\n<\/div><\/div><\/div><div id=\"panel-gb51-69dfb8cc910bd-0-0-4\" class=\"so-panel widget widget_sow-editor\" data-index=\"4\" ><div\n\t\t\t\n\t\t\tclass=\"so-widget-sow-editor so-widget-sow-editor-base\"\n\t\t\t\n\t\t>\n<div class=\"siteorigin-widget-tinymce textwidget\">\n\t<h2 style=\"text-align: center;\"><strong><em><b><i>Caritas cherche des b\u00e9n\u00e9voles pour accompagnements scolaires<\/i><\/b><\/em><\/strong><\/h2>\n<h2 style=\"text-align: center;\"><strong><em><b><i>Contact 06 87 12 84 33<\/i><\/b><\/em><\/strong><\/h2>\n<h2 style=\"text-align: center;\"><\/h2>\n<\/div>\n<\/div><\/div><div id=\"panel-gb51-69dfb8cc910bd-0-0-5\" class=\"so-panel widget widget_sow-editor panel-last-child\" data-index=\"5\" ><div\n\t\t\t\n\t\t\tclass=\"so-widget-sow-editor so-widget-sow-editor-base\"\n\t\t\t\n\t\t><h3 class=\"widget-title\">Le 1er Dimanche de chaque mois, \u00e0 10H30 \u00e0 Fegersheim, nous organiserons la qu\u00eate pour la r\u00e9fection de l\u2019\u00e9glise St Maurice. D\u2019avance merci pour votre contribution.<\/h3>\n<div class=\"siteorigin-widget-tinymce textwidget\">\n\t<\/div>\n<\/div><\/div><\/div><\/div><div id=\"pg-gb51-69dfb8cc910bd-1\"  class=\"panel-grid panel-no-style\" ><div id=\"pgc-gb51-69dfb8cc910bd-1-0\"  class=\"panel-grid-cell panel-grid-cell-empty\" ><\/div><\/div><\/div>\n\n\n<h1 class=\"wp-block-heading\"><\/h1>\n\n\n\n<p><\/p>\n","protected":false},"excerpt":{"rendered":"","protected":false},"author":1,"featured_media":0,"parent":0,"menu_order":0,"comment_status":"closed","ping_status":"closed","template":"","meta":{"iawp_total_views":10389,"footnotes":""},"class_list":["post-51","page","type-page","status-publish","hentry","post"],"_links":{"self":[{"href":"https:\/\/paroisses-de-fegersheim-eschau-ohnheim-plobsheim.fr\/index.php\/wp-json\/wp\/v2\/pages\/51","targetHints":{"allow":["GET"]}}],"collection":[{"href":"https:\/\/paroisses-de-fegersheim-eschau-ohnheim-plobsheim.fr\/index.php\/wp-json\/wp\/v2\/pages"}],"about":[{"href":"https:\/\/paroisses-de-fegersheim-eschau-ohnheim-plobsheim.fr\/index.php\/wp-json\/wp\/v2\/types\/page"}],"author":[{"embeddable":true,"href":"https:\/\/paroisses-de-fegersheim-eschau-ohnheim-plobsheim.fr\/index.php\/wp-json\/wp\/v2\/users\/1"}],"replies":[{"embeddable":true,"href":"https:\/\/paroisses-de-fegersheim-eschau-ohnheim-plobsheim.fr\/index.php\/wp-json\/wp\/v2\/comments?post=51"}],"version-history":[{"count":436,"href":"https:\/\/paroisses-de-fegersheim-eschau-ohnheim-plobsheim.fr\/index.php\/wp-json\/wp\/v2\/pages\/51\/revisions"}],"predecessor-version":[{"id":4181,"href":"https:\/\/paroisses-de-fegersheim-eschau-ohnheim-plobsheim.fr\/index.php\/wp-json\/wp\/v2\/pages\/51\/revisions\/4181"}],"wp:attachment":[{"href":"https:\/\/paroisses-de-fegersheim-eschau-ohnheim-plobsheim.fr\/index.php\/wp-json\/wp\/v2\/media?parent=51"}],"curies":[{"name":"wp","href":"https:\/\/api.w.org\/{rel}","templated":true}]}}