{"id":406,"date":"2022-05-25T23:46:15","date_gmt":"2022-05-25T21:46:15","guid":{"rendered":"https:\/\/paroisses-de-fegersheim-eschau-ohnheim-plobsheim.fr\/?page_id=406"},"modified":"2025-05-01T16:48:52","modified_gmt":"2025-05-01T14:48:52","slug":"horaires-des-messes","status":"publish","type":"page","link":"https:\/\/paroisses-de-fegersheim-eschau-ohnheim-plobsheim.fr\/index.php\/horaires-des-messes\/","title":{"rendered":"Horaires des messes"},"content":{"rendered":"\n<p class=\"has-text-align-center\"><strong>Ce sont les horaires habituels des messes. Des modifications peuvent intervenir.<\/strong><\/p>\n\n\n\n<p class=\"has-text-align-center\">La chapelle Notre Dame du Ch\u00eane est ouverte toute l&rsquo;ann\u00e9e :<br>En hiver de 9h \u00e0 17h, en \u00e9t\u00e9 de 9h \u00e0 19h.<\/p>\n\n\n\n<p class=\"has-text-align-center\">L&rsquo;\u00e9glise Saint Maurice de Fegersheim<br>et l&rsquo;abbatiale d&rsquo;Eschau sont ouvertes toute la journ\u00e9e.<\/p>\n\n\n<div id=\"pl-gb406-69ef670eb1e96\"  class=\"panel-layout wp-block-siteorigin-panels-layout-block\" ><div id=\"pg-gb406-69ef670eb1e96-0\"  class=\"panel-grid panel-no-style\" ><div id=\"pgc-gb406-69ef670eb1e96-0-0\"  class=\"panel-grid-cell\" ><div id=\"panel-gb406-69ef670eb1e96-0-0-0\" class=\"so-panel widget widget_sow-editor panel-first-child panel-last-child\" data-index=\"0\" ><div class=\"panel-widget-style panel-widget-style-for-gb406-69ef670eb1e96-0-0-0\" ><div\n\t\t\t\n\t\t\tclass=\"so-widget-sow-editor so-widget-sow-editor-base\"\n\t\t\t\n\t\t><h3 class=\"widget-title\">MARDI<\/h3>\n<div class=\"siteorigin-widget-tinymce textwidget\">\n\t<h3>9h00 Fegersheim<br \/>\n.\u00a0 \u00a0 \u00a0 \u00a0 \u00a0 \u00a0 \u00a0St Maurice<\/h3>\n<\/div>\n<\/div><\/div><\/div><\/div><div id=\"pgc-gb406-69ef670eb1e96-0-1\"  class=\"panel-grid-cell\" ><div id=\"panel-gb406-69ef670eb1e96-0-1-0\" class=\"so-panel widget widget_sow-editor panel-first-child panel-last-child\" data-index=\"1\" ><div class=\"panel-widget-style panel-widget-style-for-gb406-69ef670eb1e96-0-1-0\" ><div\n\t\t\t\n\t\t\tclass=\"so-widget-sow-editor so-widget-sow-editor-base\"\n\t\t\t\n\t\t><h3 class=\"widget-title\">JEUDI<\/h3>\n<div class=\"siteorigin-widget-tinymce textwidget\">\n\t<h3>9h30 Wibolsheim<br \/>\n.\u00a0 \u00a0 \u00a0 \u00a0 \u00a0 Chapelle St S\u00e9bastien<\/h3>\n<\/div>\n<\/div><\/div><\/div><\/div><\/div><\/div>\n\n<div id=\"pl-gb406-69ef670eb2996\"  class=\"panel-layout wp-block-siteorigin-panels-layout-block\" ><div id=\"pg-gb406-69ef670eb2996-0\"  class=\"panel-grid panel-no-style\" ><div id=\"pgc-gb406-69ef670eb2996-0-0\"  class=\"panel-grid-cell\" ><div id=\"panel-gb406-69ef670eb2996-0-0-0\" class=\"so-panel widget widget_sow-editor panel-first-child panel-last-child\" data-index=\"0\" ><div class=\"panel-widget-style panel-widget-style-for-gb406-69ef670eb2996-0-0-0\" ><div\n\t\t\t\n\t\t\tclass=\"so-widget-sow-editor so-widget-sow-editor-base\"\n\t\t\t\n\t\t><h3 class=\"widget-title\">SAMEDI<\/h3>\n<div class=\"siteorigin-widget-tinymce textwidget\">\n\t<h3>18h00 Eschau<br \/>\n.\u00a0 \u00a0 \u00a0 \u00a0 Abbatiale St Trophime<\/h3>\n<p>&nbsp;<\/p>\n<p>&nbsp;<\/p>\n<\/div>\n<\/div><\/div><\/div><\/div><div id=\"pgc-gb406-69ef670eb2996-0-1\"  class=\"panel-grid-cell\" ><div id=\"panel-gb406-69ef670eb2996-0-1-0\" class=\"so-panel widget widget_sow-editor panel-first-child panel-last-child\" data-index=\"1\" ><div class=\"panel-widget-style panel-widget-style-for-gb406-69ef670eb2996-0-1-0\" ><div\n\t\t\t\n\t\t\tclass=\"so-widget-sow-editor so-widget-sow-editor-base\"\n\t\t\t\n\t\t><h3 class=\"widget-title\">DIMANCHE<\/h3>\n<div class=\"siteorigin-widget-tinymce textwidget\">\n\t<h4 style=\"text-align: left;\">\u00a0 9h00\u00a0 Ohnheim &#8211; St Amand<br \/>\n10h30\u00a0 Fegersheim &#8211; St Maurice<br \/>\n18h00\u00a0 Plobsheim &#8211; Chapelle Notre Dame du Ch\u00eane<\/h4>\n<\/div>\n<\/div><\/div><\/div><\/div><\/div><\/div>\n\n\n<h2 class=\"wp-block-heading has-text-align-center\">___<\/h2>\n","protected":false},"excerpt":{"rendered":"<p>Ce sont les horaires habituels des messes. Des modifications peuvent intervenir. La chapelle Notre Dame du Ch\u00eane est ouverte toute l&rsquo;ann\u00e9e :En hiver de 9h \u00e0 17h, en \u00e9t\u00e9 de 9h \u00e0 19h. L&rsquo;\u00e9glise Saint Maurice de Fegersheimet l&rsquo;abbatiale d&rsquo;Eschau sont ouvertes toute la journ\u00e9e. ___<\/p>\n","protected":false},"author":1,"featured_media":0,"parent":0,"menu_order":0,"comment_status":"closed","ping_status":"closed","template":"","meta":{"iawp_total_views":5967,"footnotes":""},"class_list":["post-406","page","type-page","status-publish","hentry","post"],"_links":{"self":[{"href":"https:\/\/paroisses-de-fegersheim-eschau-ohnheim-plobsheim.fr\/index.php\/wp-json\/wp\/v2\/pages\/406","targetHints":{"allow":["GET"]}}],"collection":[{"href":"https:\/\/paroisses-de-fegersheim-eschau-ohnheim-plobsheim.fr\/index.php\/wp-json\/wp\/v2\/pages"}],"about":[{"href":"https:\/\/paroisses-de-fegersheim-eschau-ohnheim-plobsheim.fr\/index.php\/wp-json\/wp\/v2\/types\/page"}],"author":[{"embeddable":true,"href":"https:\/\/paroisses-de-fegersheim-eschau-ohnheim-plobsheim.fr\/index.php\/wp-json\/wp\/v2\/users\/1"}],"replies":[{"embeddable":true,"href":"https:\/\/paroisses-de-fegersheim-eschau-ohnheim-plobsheim.fr\/index.php\/wp-json\/wp\/v2\/comments?post=406"}],"version-history":[{"count":76,"href":"https:\/\/paroisses-de-fegersheim-eschau-ohnheim-plobsheim.fr\/index.php\/wp-json\/wp\/v2\/pages\/406\/revisions"}],"predecessor-version":[{"id":3396,"href":"https:\/\/paroisses-de-fegersheim-eschau-ohnheim-plobsheim.fr\/index.php\/wp-json\/wp\/v2\/pages\/406\/revisions\/3396"}],"wp:attachment":[{"href":"https:\/\/paroisses-de-fegersheim-eschau-ohnheim-plobsheim.fr\/index.php\/wp-json\/wp\/v2\/media?parent=406"}],"curies":[{"name":"wp","href":"https:\/\/api.w.org\/{rel}","templated":true}]}}

<p class="has-text-align-center"><strong>Ce sont les horaires habituels des messes. Des modifications peuvent intervenir.</strong></p>



<p class="has-text-align-center">La chapelle Notre Dame du Chêne est ouverte toute l&rsquo;année :<br>En hiver de 9h à 17h, en été de 9h à 19h.</p>



<p class="has-text-align-center">L&rsquo;église Saint Maurice de Fegersheim<br>et l&rsquo;abbatiale d&rsquo;Eschau sont ouvertes toute la journée.</p>


<div id="pl-gb406-69ef670eb1e96"  class="panel-layout wp-block-siteorigin-panels-layout-block" ><div id="pg-gb406-69ef670eb1e96-0"  class="panel-grid panel-no-style" ><div id="pgc-gb406-69ef670eb1e96-0-0"  class="panel-grid-cell" ><div id="panel-gb406-69ef670eb1e96-0-0-0" class="so-panel widget widget_sow-editor panel-first-child panel-last-child" data-index="0" ><div class="panel-widget-style panel-widget-style-for-gb406-69ef670eb1e96-0-0-0" ><div
			
			class="so-widget-sow-editor so-widget-sow-editor-base"
			
		><h3 class="widget-title">MARDI</h3>
<div class="siteorigin-widget-tinymce textwidget">
	<h3>9h00 Fegersheim<br />
.             St Maurice</h3>
</div>
</div></div></div></div><div id="pgc-gb406-69ef670eb1e96-0-1"  class="panel-grid-cell" ><div id="panel-gb406-69ef670eb1e96-0-1-0" class="so-panel widget widget_sow-editor panel-first-child panel-last-child" data-index="1" ><div class="panel-widget-style panel-widget-style-for-gb406-69ef670eb1e96-0-1-0" ><div
			
			class="so-widget-sow-editor so-widget-sow-editor-base"
			
		><h3 class="widget-title">JEUDI</h3>
<div class="siteorigin-widget-tinymce textwidget">
	<h3>9h30 Wibolsheim<br />
.          Chapelle St Sébastien</h3>
</div>
</div></div></div></div></div></div>

<div id="pl-gb406-69ef670eb2996"  class="panel-layout wp-block-siteorigin-panels-layout-block" ><div id="pg-gb406-69ef670eb2996-0"  class="panel-grid panel-no-style" ><div id="pgc-gb406-69ef670eb2996-0-0"  class="panel-grid-cell" ><div id="panel-gb406-69ef670eb2996-0-0-0" class="so-panel widget widget_sow-editor panel-first-child panel-last-child" data-index="0" ><div class="panel-widget-style panel-widget-style-for-gb406-69ef670eb2996-0-0-0" ><div
			
			class="so-widget-sow-editor so-widget-sow-editor-base"
			
		><h3 class="widget-title">SAMEDI</h3>
<div class="siteorigin-widget-tinymce textwidget">
	<h3>18h00 Eschau<br />
.        Abbatiale St Trophime</h3>
<p>&nbsp;</p>
<p>&nbsp;</p>
</div>
</div></div></div></div><div id="pgc-gb406-69ef670eb2996-0-1"  class="panel-grid-cell" ><div id="panel-gb406-69ef670eb2996-0-1-0" class="so-panel widget widget_sow-editor panel-first-child panel-last-child" data-index="1" ><div class="panel-widget-style panel-widget-style-for-gb406-69ef670eb2996-0-1-0" ><div
			
			class="so-widget-sow-editor so-widget-sow-editor-base"
			
		><h3 class="widget-title">DIMANCHE</h3>
<div class="siteorigin-widget-tinymce textwidget">
	<h4 style="text-align: left;">  9h00  Ohnheim &#8211; St Amand<br />
10h30  Fegersheim &#8211; St Maurice<br />
18h00  Plobsheim &#8211; Chapelle Notre Dame du Chêne</h4>
</div>
</div></div></div></div></div></div>


<h2 class="wp-block-heading has-text-align-center">___</h2>

<p>Ce sont les horaires habituels des messes. Des modifications peuvent intervenir. La chapelle Notre Dame du Chêne est ouverte toute l&rsquo;année :En hiver de 9h à 17h, en été de 9h à 19h. L&rsquo;église Saint Maurice de Fegersheimet l&rsquo;abbatiale d&rsquo;Eschau sont ouvertes toute la journée. ___</p>
