{"id":34,"date":"2022-05-12T16:35:23","date_gmt":"2022-05-12T14:35:23","guid":{"rendered":"https:\/\/paroisses-de-fegersheim-eschau-ohnheim-plobsheim.fr\/?page_id=34"},"modified":"2022-12-16T10:08:30","modified_gmt":"2022-12-16T09:08:30","slug":"mariage","status":"publish","type":"page","link":"https:\/\/paroisses-de-fegersheim-eschau-ohnheim-plobsheim.fr\/index.php\/mariage\/","title":{"rendered":"Mariage"},"content":{"rendered":"<div id=\"pl-gb34-69f2426b9a4a5\"  class=\"panel-layout\" ><div id=\"pg-gb34-69f2426b9a4a5-0\"  class=\"panel-grid panel-no-style\" ><div id=\"pgc-gb34-69f2426b9a4a5-0-0\"  class=\"panel-grid-cell\" ><div id=\"panel-gb34-69f2426b9a4a5-0-0-0\" class=\"so-panel widget widget_sow-editor panel-first-child panel-last-child\" data-index=\"0\" ><div\n\t\t\t\n\t\t\tclass=\"so-widget-sow-editor so-widget-sow-editor-base\"\n\t\t\t\n\t\t>\n<div class=\"siteorigin-widget-tinymce textwidget\">\n\t<p>Prenez contact d\u00e8s que possible avec le cur\u00e9. La pr\u00e9paration au mariage est assur\u00e9e par une \u00e9quipe de pr\u00e9paration qui prendra contact.<\/p>\n<\/div>\n<\/div><\/div><\/div><\/div><div id=\"pg-gb34-69f2426b9a4a5-1\"  class=\"panel-grid panel-no-style\" ><div id=\"pgc-gb34-69f2426b9a4a5-1-0\"  class=\"panel-grid-cell\" ><div id=\"panel-gb34-69f2426b9a4a5-1-0-0\" class=\"so-panel widget widget_sow-editor panel-first-child panel-last-child\" data-index=\"1\" ><div\n\t\t\t\n\t\t\tclass=\"so-widget-sow-editor so-widget-sow-editor-base\"\n\t\t\t\n\t\t><h3 class=\"widget-title\">Les Equipes Notre-Dame<\/h3>\n<div class=\"siteorigin-widget-tinymce textwidget\">\n\t<p><strong>\u00a0<\/strong>\u00ab <em>Quand chacun des conjoints ne se cultive pas, et quand il n&rsquo;existe pas une vari\u00e9t\u00e9 de relations avec d&rsquo;autres personnes, la vie familiale devient un cercle ferm\u00e9 et le dialogue s&rsquo;appauvrit. <\/em>\u00bb Pape Fran\u00e7ois (<em>Amoris Laetitia<\/em> N\u00b0141)<\/p>\n<p>Les <strong><u>Equipes Notre-Dame<\/u> <\/strong>sont un Mouvement d\u2019\u00c9glise qui rassemble des couples mari\u00e9s ayant le d\u00e9sir de vivre pleinement les richesses de leur mariage. Elles proposent aux <strong>couples unis par le Sacrement de Mariage <\/strong>qui ont le d\u00e9sir de <strong>progresser spirituellement en couple<\/strong>, de cheminer <strong>en \u00e9quipe <\/strong>accompagn\u00e9s d\u2019un conseiller spirituel.<\/p>\n<p>Il s\u2019agit d\u2019un cheminement en \u00e9quipe de quatre ou cinq couples, bas\u00e9 sur des r\u00e9unions mensuelles : une soir\u00e9e autour d\u2019un repas, avec un temps de mise en commun des \u00e9v\u00e9nements du mois, un partage plus ou moins approfondi sur sa vie spirituelle, un temps de pri\u00e8re et un temps d\u2019\u00e9changes sur un th\u00e8me \u00e9tudi\u00e9 \u00e0 la maison.<\/p>\n<p>P <strong>Jean-S\u00e9bastien <\/strong>accompagne d\u00e9j\u00e0 une \u00e9quipe depuis plusieurs ann\u00e9es ; si quelques couples dans notre communaut\u00e9 de paroisses sont int\u00e9ress\u00e9s, il est pr\u00eat \u00e0 fonder avec eux une nouvelle \u00e9quipe ! Alors, si vous souhaitez prendre soin de votre couple et vous rapprocher en couple du Seigneur, n\u2019h\u00e9sitez pas \u00e0 le contacter !<\/p>\n<p><a href=\"mailto:perejeanse@gmail.com\"><strong>perejeanse@gmail.com<\/strong><\/a><strong>\u00a0\u00a0\u00a0 ou\u00a0 t\u00e9l\u00a0: 06-33-56-45-22<\/strong><\/p>\n<p>Vous pouvez \u00e9galement visiter le site internet des Equipes :\u00a0<a href=\"http:\/\/www.equipe-notre-dame.fr\"><strong>www.equipe-notre-dame.fr<\/strong><\/a><\/p>\n<p>&nbsp;<\/p>\n<\/div>\n<\/div><\/div><\/div><\/div><\/div>\n\n<div id=\"pl-gb34-69f2426b9b304\"  class=\"panel-layout\" ><div id=\"pg-gb34-69f2426b9b304-0\"  class=\"panel-grid panel-no-style\" ><div id=\"pgc-gb34-69f2426b9b304-0-0\"  class=\"panel-grid-cell\" ><div id=\"panel-gb34-69f2426b9b304-0-0-0\" class=\"so-panel widget widget_sow-editor panel-first-child panel-last-child\" data-index=\"0\" ><div\n\t\t\t\n\t\t\tclass=\"so-widget-sow-editor so-widget-sow-editor-base\"\n\t\t\t\n\t\t>\n<div class=\"siteorigin-widget-tinymce textwidget\">\n\t<a href=\"https:\/\/paroisses-de-fegersheim-eschau-ohnheim-plobsheim.fr\/wp-content\/uploads\/2022\/11\/Mariage_pardon_depliant-A4.pdf\" class=\"pdfemb-viewer\" style=\"\" data-width=\"max\" data-height=\"max\" data-mobile-width=\"500\"  data-scrollbar=\"vertical\" data-download=\"on\" data-tracking=\"on\" data-newwindow=\"on\" data-pagetextbox=\"off\" data-scrolltotop=\"off\" data-startzoom=\"100\" data-startfpzoom=\"100\" data-toolbar=\"both\" data-toolbar-fixed=\"on\">Mariage_pardon_depliant A4<br\/><\/a>\n<\/div>\n<\/div><\/div><\/div><\/div><\/div>","protected":false},"excerpt":{"rendered":"<p>Prenez contact d\u00e8s que possible avec le cur\u00e9. La pr\u00e9paration au mariage est assur\u00e9e par une \u00e9quipe de pr\u00e9paration qui prendra contact. \u00a0\u00ab Quand chacun des conjoints ne se cultive pas, et quand il n&rsquo;existe pas une vari\u00e9t\u00e9 de relations avec d&rsquo;autres personnes, la vie familiale devient un cercle ferm\u00e9 et le dialogue s&rsquo;appauvrit. \u00bb [&hellip;]<\/p>\n","protected":false},"author":1,"featured_media":0,"parent":0,"menu_order":0,"comment_status":"closed","ping_status":"closed","template":"","meta":{"iawp_total_views":107,"footnotes":""},"class_list":["post-34","page","type-page","status-publish","hentry","post"],"_links":{"self":[{"href":"https:\/\/paroisses-de-fegersheim-eschau-ohnheim-plobsheim.fr\/index.php\/wp-json\/wp\/v2\/pages\/34","targetHints":{"allow":["GET"]}}],"collection":[{"href":"https:\/\/paroisses-de-fegersheim-eschau-ohnheim-plobsheim.fr\/index.php\/wp-json\/wp\/v2\/pages"}],"about":[{"href":"https:\/\/paroisses-de-fegersheim-eschau-ohnheim-plobsheim.fr\/index.php\/wp-json\/wp\/v2\/types\/page"}],"author":[{"embeddable":true,"href":"https:\/\/paroisses-de-fegersheim-eschau-ohnheim-plobsheim.fr\/index.php\/wp-json\/wp\/v2\/users\/1"}],"replies":[{"embeddable":true,"href":"https:\/\/paroisses-de-fegersheim-eschau-ohnheim-plobsheim.fr\/index.php\/wp-json\/wp\/v2\/comments?post=34"}],"version-history":[{"count":8,"href":"https:\/\/paroisses-de-fegersheim-eschau-ohnheim-plobsheim.fr\/index.php\/wp-json\/wp\/v2\/pages\/34\/revisions"}],"predecessor-version":[{"id":1356,"href":"https:\/\/paroisses-de-fegersheim-eschau-ohnheim-plobsheim.fr\/index.php\/wp-json\/wp\/v2\/pages\/34\/revisions\/1356"}],"wp:attachment":[{"href":"https:\/\/paroisses-de-fegersheim-eschau-ohnheim-plobsheim.fr\/index.php\/wp-json\/wp\/v2\/media?parent=34"}],"curies":[{"name":"wp","href":"https:\/\/api.w.org\/{rel}","templated":true}]}}

<div id="pl-gb34-69f2426b9a4a5"  class="panel-layout" ><div id="pg-gb34-69f2426b9a4a5-0"  class="panel-grid panel-no-style" ><div id="pgc-gb34-69f2426b9a4a5-0-0"  class="panel-grid-cell" ><div id="panel-gb34-69f2426b9a4a5-0-0-0" class="so-panel widget widget_sow-editor panel-first-child panel-last-child" data-index="0" ><div
			
			class="so-widget-sow-editor so-widget-sow-editor-base"
			
		>
<div class="siteorigin-widget-tinymce textwidget">
	<p>Prenez contact dès que possible avec le curé. La préparation au mariage est assurée par une équipe de préparation qui prendra contact.</p>
</div>
</div></div></div></div><div id="pg-gb34-69f2426b9a4a5-1"  class="panel-grid panel-no-style" ><div id="pgc-gb34-69f2426b9a4a5-1-0"  class="panel-grid-cell" ><div id="panel-gb34-69f2426b9a4a5-1-0-0" class="so-panel widget widget_sow-editor panel-first-child panel-last-child" data-index="1" ><div
			
			class="so-widget-sow-editor so-widget-sow-editor-base"
			
		><h3 class="widget-title">Les Equipes Notre-Dame</h3>
<div class="siteorigin-widget-tinymce textwidget">
	<p><strong> </strong>« <em>Quand chacun des conjoints ne se cultive pas, et quand il n&rsquo;existe pas une variété de relations avec d&rsquo;autres personnes, la vie familiale devient un cercle fermé et le dialogue s&rsquo;appauvrit. </em>» Pape François (<em>Amoris Laetitia</em> N°141)</p>
<p>Les <strong><u>Equipes Notre-Dame</u> </strong>sont un Mouvement d’Église qui rassemble des couples mariés ayant le désir de vivre pleinement les richesses de leur mariage. Elles proposent aux <strong>couples unis par le Sacrement de Mariage </strong>qui ont le désir de <strong>progresser spirituellement en couple</strong>, de cheminer <strong>en équipe </strong>accompagnés d’un conseiller spirituel.</p>
<p>Il s’agit d’un cheminement en équipe de quatre ou cinq couples, basé sur des réunions mensuelles : une soirée autour d’un repas, avec un temps de mise en commun des événements du mois, un partage plus ou moins approfondi sur sa vie spirituelle, un temps de prière et un temps d’échanges sur un thème étudié à la maison.</p>
<p>P <strong>Jean-Sébastien </strong>accompagne déjà une équipe depuis plusieurs années ; si quelques couples dans notre communauté de paroisses sont intéressés, il est prêt à fonder avec eux une nouvelle équipe ! Alors, si vous souhaitez prendre soin de votre couple et vous rapprocher en couple du Seigneur, n’hésitez pas à le contacter !</p>
<p><a href="mailto:perejeanse@gmail.com"><strong>perejeanse@gmail.com</strong></a><strong>    ou  tél : 06-33-56-45-22</strong></p>
<p>Vous pouvez également visiter le site internet des Equipes : <a href="http://www.equipe-notre-dame.fr"><strong>www.equipe-notre-dame.fr</strong></a></p>
<p>&nbsp;</p>
</div>
</div></div></div></div></div>

<div id="pl-gb34-69f2426b9b304"  class="panel-layout" ><div id="pg-gb34-69f2426b9b304-0"  class="panel-grid panel-no-style" ><div id="pgc-gb34-69f2426b9b304-0-0"  class="panel-grid-cell" ><div id="panel-gb34-69f2426b9b304-0-0-0" class="so-panel widget widget_sow-editor panel-first-child panel-last-child" data-index="0" ><div
			
			class="so-widget-sow-editor so-widget-sow-editor-base"
			
		>
<div class="siteorigin-widget-tinymce textwidget">
	<a href="https://paroisses-de-fegersheim-eschau-ohnheim-plobsheim.fr/wp-content/uploads/2022/11/Mariage_pardon_depliant-A4.pdf" class="pdfemb-viewer" style="" data-width="max" data-height="max" data-mobile-width="500"  data-scrollbar="vertical" data-download="on" data-tracking="on" data-newwindow="on" data-pagetextbox="off" data-scrolltotop="off" data-startzoom="100" data-startfpzoom="100" data-toolbar="both" data-toolbar-fixed="on">Mariage_pardon_depliant A4<br/></a>
</div>
</div></div></div></div></div>

<p>Prenez contact dès que possible avec le curé. La préparation au mariage est assurée par une équipe de préparation qui prendra contact.  « Quand chacun des conjoints ne se cultive pas, et quand il n&rsquo;existe pas une variété de relations avec d&rsquo;autres personnes, la vie familiale devient un cercle fermé et le dialogue s&rsquo;appauvrit. » [&hellip;]</p>
