{"id":2274,"date":"2023-09-25T22:45:08","date_gmt":"2023-09-25T20:45:08","guid":{"rendered":"https:\/\/paroisses-de-fegersheim-eschau-ohnheim-plobsheim.fr\/?page_id=2274"},"modified":"2025-09-16T13:26:59","modified_gmt":"2025-09-16T11:26:59","slug":"plannings","status":"publish","type":"page","link":"https:\/\/paroisses-de-fegersheim-eschau-ohnheim-plobsheim.fr\/index.php\/plannings\/","title":{"rendered":"Dates &amp; Planning"},"content":{"rendered":"<div id=\"pl-gb2274-69f24fd6a3045\"  class=\"panel-layout wp-block-siteorigin-panels-layout-block\" ><div id=\"pg-gb2274-69f24fd6a3045-0\"  class=\"panel-grid panel-no-style\" ><div id=\"pgc-gb2274-69f24fd6a3045-0-0\"  class=\"panel-grid-cell\" ><div id=\"panel-gb2274-69f24fd6a3045-0-0-0\" class=\"so-panel widget widget_sow-editor panel-first-child panel-last-child\" data-index=\"0\" ><div\n\t\t\t\n\t\t\tclass=\"so-widget-sow-editor so-widget-sow-editor-base\"\n\t\t\t\n\t\t>\n<div class=\"siteorigin-widget-tinymce textwidget\">\n\t<p><a href=\"https:\/\/paroisses-de-fegersheim-eschau-ohnheim-plobsheim.fr\/wp-content\/uploads\/2025\/09\/Planning-Premier-Pardon-2025-2026.pdf\" target=\"_blank\" rel=\"noopener\">Planning 1er Pardon<\/a><\/p>\n<p><a href=\"https:\/\/paroisses-de-fegersheim-eschau-ohnheim-plobsheim.fr\/wp-content\/uploads\/2025\/09\/Planning-Premiere-Communion-2025-2026.pdf\" target=\"_blank\" rel=\"noopener\">Planning 1\u00e8re Communion<\/a><\/p>\n<p><a href=\"https:\/\/paroisses-de-fegersheim-eschau-ohnheim-plobsheim.fr\/wp-content\/uploads\/2025\/09\/planning-2025-2026-PF.pdf\" target=\"_blank\" rel=\"noopener\">Planning Profession de Foi<\/a><\/p>\n<p><a href=\"https:\/\/paroisses-de-fegersheim-eschau-ohnheim-plobsheim.fr\/wp-content\/uploads\/2025\/09\/planning-2025-2026-CONF-2.pdf\" target=\"_blank\" rel=\"noopener\">Planning Confirmation<\/a><\/p>\n<p><a href=\"https:\/\/paroisses-de-fegersheim-eschau-ohnheim-plobsheim.fr\/wp-content\/uploads\/2025\/09\/planning-messes-des-familles.pdf\" target=\"_blank\" rel=\"noopener\">Dates des messes des familles<\/a><\/p>\n<p><a href=\"https:\/\/paroisses-de-fegersheim-eschau-ohnheim-plobsheim.fr\/wp-content\/uploads\/2025\/09\/Dates-des-Seances-de-Catechese-Fondamentale-2025-2026.pdf\" target=\"_blank\" rel=\"noopener\">Dates des s\u00e9ances de Cat\u00e9ch\u00e8se Fondamentale<\/a><\/p>\n<\/div>\n<\/div><\/div><\/div><\/div><\/div>","protected":false},"excerpt":{"rendered":"<p>Planning 1er Pardon Planning 1\u00e8re Communion Planning Profession de Foi Planning Confirmation Dates des messes des familles Dates des s\u00e9ances de Cat\u00e9ch\u00e8se Fondamentale<\/p>\n","protected":false},"author":1,"featured_media":0,"parent":0,"menu_order":0,"comment_status":"closed","ping_status":"closed","template":"","meta":{"iawp_total_views":619,"footnotes":""},"class_list":["post-2274","page","type-page","status-publish","hentry","post"],"_links":{"self":[{"href":"https:\/\/paroisses-de-fegersheim-eschau-ohnheim-plobsheim.fr\/index.php\/wp-json\/wp\/v2\/pages\/2274","targetHints":{"allow":["GET"]}}],"collection":[{"href":"https:\/\/paroisses-de-fegersheim-eschau-ohnheim-plobsheim.fr\/index.php\/wp-json\/wp\/v2\/pages"}],"about":[{"href":"https:\/\/paroisses-de-fegersheim-eschau-ohnheim-plobsheim.fr\/index.php\/wp-json\/wp\/v2\/types\/page"}],"author":[{"embeddable":true,"href":"https:\/\/paroisses-de-fegersheim-eschau-ohnheim-plobsheim.fr\/index.php\/wp-json\/wp\/v2\/users\/1"}],"replies":[{"embeddable":true,"href":"https:\/\/paroisses-de-fegersheim-eschau-ohnheim-plobsheim.fr\/index.php\/wp-json\/wp\/v2\/comments?post=2274"}],"version-history":[{"count":18,"href":"https:\/\/paroisses-de-fegersheim-eschau-ohnheim-plobsheim.fr\/index.php\/wp-json\/wp\/v2\/pages\/2274\/revisions"}],"predecessor-version":[{"id":3808,"href":"https:\/\/paroisses-de-fegersheim-eschau-ohnheim-plobsheim.fr\/index.php\/wp-json\/wp\/v2\/pages\/2274\/revisions\/3808"}],"wp:attachment":[{"href":"https:\/\/paroisses-de-fegersheim-eschau-ohnheim-plobsheim.fr\/index.php\/wp-json\/wp\/v2\/media?parent=2274"}],"curies":[{"name":"wp","href":"https:\/\/api.w.org\/{rel}","templated":true}]}}

<div id="pl-gb2274-69f24fd6a3045"  class="panel-layout wp-block-siteorigin-panels-layout-block" ><div id="pg-gb2274-69f24fd6a3045-0"  class="panel-grid panel-no-style" ><div id="pgc-gb2274-69f24fd6a3045-0-0"  class="panel-grid-cell" ><div id="panel-gb2274-69f24fd6a3045-0-0-0" class="so-panel widget widget_sow-editor panel-first-child panel-last-child" data-index="0" ><div
			
			class="so-widget-sow-editor so-widget-sow-editor-base"
			
		>
<div class="siteorigin-widget-tinymce textwidget">
	<p><a href="https://paroisses-de-fegersheim-eschau-ohnheim-plobsheim.fr/wp-content/uploads/2025/09/Planning-Premier-Pardon-2025-2026.pdf" target="_blank" rel="noopener">Planning 1er Pardon</a></p>
<p><a href="https://paroisses-de-fegersheim-eschau-ohnheim-plobsheim.fr/wp-content/uploads/2025/09/Planning-Premiere-Communion-2025-2026.pdf" target="_blank" rel="noopener">Planning 1ère Communion</a></p>
<p><a href="https://paroisses-de-fegersheim-eschau-ohnheim-plobsheim.fr/wp-content/uploads/2025/09/planning-2025-2026-PF.pdf" target="_blank" rel="noopener">Planning Profession de Foi</a></p>
<p><a href="https://paroisses-de-fegersheim-eschau-ohnheim-plobsheim.fr/wp-content/uploads/2025/09/planning-2025-2026-CONF-2.pdf" target="_blank" rel="noopener">Planning Confirmation</a></p>
<p><a href="https://paroisses-de-fegersheim-eschau-ohnheim-plobsheim.fr/wp-content/uploads/2025/09/planning-messes-des-familles.pdf" target="_blank" rel="noopener">Dates des messes des familles</a></p>
<p><a href="https://paroisses-de-fegersheim-eschau-ohnheim-plobsheim.fr/wp-content/uploads/2025/09/Dates-des-Seances-de-Catechese-Fondamentale-2025-2026.pdf" target="_blank" rel="noopener">Dates des séances de Catéchèse Fondamentale</a></p>
</div>
</div></div></div></div></div>

<p>Planning 1er Pardon Planning 1ère Communion Planning Profession de Foi Planning Confirmation Dates des messes des familles Dates des séances de Catéchèse Fondamentale</p>
