{"id":13,"date":"2022-05-12T00:09:07","date_gmt":"2022-05-11T22:09:07","guid":{"rendered":"https:\/\/paroisses-de-fegersheim-eschau-ohnheim-plobsheim.fr\/?page_id=13"},"modified":"2025-05-01T14:33:36","modified_gmt":"2025-05-01T12:33:36","slug":"contact","status":"publish","type":"page","link":"https:\/\/paroisses-de-fegersheim-eschau-ohnheim-plobsheim.fr\/index.php\/contact\/","title":{"rendered":"Contact"},"content":{"rendered":"<p>\u00a0<\/p>\n<p>Monsieur le Cur\u00e9 Stanislas KUPCZAK au 03 88 64 20 13<\/p>\n<p>Monsieur l&rsquo;Abb\u00e9 Jean-S\u00e9bastien LAVENS au 06 33 56 45 22<\/p>\n<p>Le Coop\u00e9rateur en pastorale M. Serge STREBEL au 06 52 03 19 96<\/p>\n<p>Mail :\u00a0 <a href=\"mailto:paroisse.copafepo@gmail.com\">paroisse.copafepo@gmail.com<\/a>\u00a0<\/p>\n\n\n<p><\/p>\n","protected":false},"excerpt":{"rendered":"<p>\u00a0 Monsieur le Cur\u00e9 Stanislas KUPCZAK au 03 88 64 20 13 Monsieur l&rsquo;Abb\u00e9 Jean-S\u00e9bastien LAVENS au 06 33 56 45 22 Le Coop\u00e9rateur en pastorale M. Serge STREBEL au 06 52 03 19 96 Mail :\u00a0 paroisse.copafepo@gmail.com\u00a0<\/p>\n","protected":false},"author":1,"featured_media":0,"parent":0,"menu_order":0,"comment_status":"closed","ping_status":"closed","template":"","meta":{"iawp_total_views":1438,"footnotes":""},"class_list":["post-13","page","type-page","status-publish","hentry","post"],"_links":{"self":[{"href":"https:\/\/paroisses-de-fegersheim-eschau-ohnheim-plobsheim.fr\/index.php\/wp-json\/wp\/v2\/pages\/13","targetHints":{"allow":["GET"]}}],"collection":[{"href":"https:\/\/paroisses-de-fegersheim-eschau-ohnheim-plobsheim.fr\/index.php\/wp-json\/wp\/v2\/pages"}],"about":[{"href":"https:\/\/paroisses-de-fegersheim-eschau-ohnheim-plobsheim.fr\/index.php\/wp-json\/wp\/v2\/types\/page"}],"author":[{"embeddable":true,"href":"https:\/\/paroisses-de-fegersheim-eschau-ohnheim-plobsheim.fr\/index.php\/wp-json\/wp\/v2\/users\/1"}],"replies":[{"embeddable":true,"href":"https:\/\/paroisses-de-fegersheim-eschau-ohnheim-plobsheim.fr\/index.php\/wp-json\/wp\/v2\/comments?post=13"}],"version-history":[{"count":7,"href":"https:\/\/paroisses-de-fegersheim-eschau-ohnheim-plobsheim.fr\/index.php\/wp-json\/wp\/v2\/pages\/13\/revisions"}],"predecessor-version":[{"id":3352,"href":"https:\/\/paroisses-de-fegersheim-eschau-ohnheim-plobsheim.fr\/index.php\/wp-json\/wp\/v2\/pages\/13\/revisions\/3352"}],"wp:attachment":[{"href":"https:\/\/paroisses-de-fegersheim-eschau-ohnheim-plobsheim.fr\/index.php\/wp-json\/wp\/v2\/media?parent=13"}],"curies":[{"name":"wp","href":"https:\/\/api.w.org\/{rel}","templated":true}]}}